= -5*c, 5*c = -3*z + 7*c + 448. Suppose -4*k - 9*y = -7*y - z, 2*k = 5*y + 79. What is the highest common divisor of k and 1110?
37
Let b(v) = 280*v**2 + 30*v + 65. Let q be b(-8). What is the highest common divisor of q and 35?
35
Let x = 308 + -313. Let s be (-4)/x + (-5320)/(-100). What is the greatest common divisor of 27 and s?
27
Let p = 20 + -23. Let c be (-2)/3 + p/(-18)*22. Suppose 12*y - c*y = 72. Calculate the highest common factor of y and 8.
8
Suppose -89 = -2*k - 439. Let s = k + 198. What is the greatest common divisor of 23 and s?
23
Let i be (-54)/324 - 290/(-12). What is the greatest common factor of 1272 and i?
24
Suppose -330 = -3*l - 4*d, 3*d - 4*d = -4*l + 421. Let f = l - -310. Calculate the highest common factor of 32 and f.
32
Suppose -2*o = o - 9. Suppose -o*m + 896 = m. Let z = 1636 + -1604. Calculate the highest common divisor of m and z.
32
Let g(x) be the second derivative of 4*x**3/3 + 87*x**2/2 - 82*x + 2. Let y be g(-9). What is the greatest common factor of y and 60?
15
Let m(d) = 9*d + 298. Let c be m(-32). Suppose -c*i = -344 + 114. What is the highest common factor of 276 and i?
23
Suppose 5*x - 5*d = 1115, -2*x + 0*d + 440 = d. Suppose i - x = -4*l, 2*i - i - 236 = -l. Suppose i = 4*o - 79. Calculate the highest common factor of 32 and o.
16
Let w = 289 - 283. Let z be (-2)/(-1) + w*(-81)/(-6). What is the greatest common divisor of z and 332?
83
Let s be -2 + (-4 - -47) - -3. Suppose -11 - 1 = -3*w, 0 = -3*k - 3*w - 93. Let a = s + k. What is the greatest common divisor of a and 3?
3
Let k = 242 - 233. Suppose -5*p - 4*x + 25 = 0, -13*x + k*x = 2*p - 10. What is the greatest common factor of 160 and p?
5
Let m = 34 - 14. Let u = 58 - -37. Let s = u + 45. What is the highest common divisor of s and m?
20
Let v = 26 + 16. Let k = -483 - -498. Suppose 4*f + 31*h - 29*h = 74, 3*h = -k. Calculate the highest common divisor of f and v.
21
Suppose -3*u - u - 20 = 0, -99 = -4*k + 3*u. Suppose 485 = k*n + 191. Calculate the highest common factor of n and 42.
14
Let m be (192 - 2) + 11*72/(-132). What is the greatest common divisor of m and 8280?
184
Suppose 8*z - 19 = 5. Suppose -10 = -2*l, l = z*u + 2*l - 59. Calculate the highest common divisor of 144 and u.
18
Suppose -13*n + 507 - 383 + 1241 = 0. Calculate the greatest common factor of 980 and n.
35
Suppose 0 = 958*f - 944*f - 168. What is the greatest common factor of f and 177?
3
Suppose -w - 163 - 293 = -l, -4*l - w = -1794. Calculate the highest common divisor of l and 4350.
150
Let h(t) = -4*t**3 + 5*t**2 + 2*t + 28. Let b be h(-6). Let n = -630 + b. Calculate the greatest common divisor of 86 and n.
86
Let j be 1/3 - (-245385)/27*12/60. Calculate the highest common factor of 270 and j.
18
Let v = -2662 + 3728. Calculate the greatest common divisor of v and 182.
26
Suppose 127 = 4*r + 19. Let c be (4/(-6))/(-2*4/456). Suppose -29 + c = 3*a. What is the greatest common divisor of a and r?
3
Let a(v) = 10*v**2 + v - 3. Let z be a(1). Suppose 17*q - 1472 = 9*q. Calculate the highest common divisor of z and q.
8
Let o be ((-30)/4)/((-12)/220)*44. Calculate the greatest common factor of 121 and o.
121
Suppose 10*s + 306 = 8*s. Let w = -132 - s. What is the greatest common factor of w and 273?
21
Suppose 152 = 3*k + 367*o - 365*o, o = -2. What is the highest common factor of k and 377?
13
Suppose -1449 = -111*p + 9430 + 776. What is the highest common divisor of 2115 and p?
15
Suppose -353*q + 349*q - 12 = 0, 4*q + 180 = 3*z. What is the greatest common divisor of z and 4424?
56
Suppose 2*o = 5*q - 1246, 3*q - 715 - 23 = -2*o. Calculate the highest common divisor of 256 and q.
8
Suppose -3*g + j + 146 = 0, -5*g - 109 + 371 = 3*j. Suppose -159*s + 160*s = 75. What is the highest common divisor of g and s?
25
Let c = 158 - 133. Suppose 105 + c = 2*u. What is the greatest common factor of 65 and u?
65
Let v = -11415 - -11439. What is the greatest common divisor of 216 and v?
24
Let c be (-13 - (-19 + 15))/(-2 - -1). What is the greatest common factor of 6849 and c?
9
Let l(o) = 22*o**2 + 7*o + 472. Let n be l(12). What is the highest common factor of 57 and n?
19
Suppose -11*t + 7*t + 28 = 4*g, 5*g + 2*t = 41. Calculate the greatest common factor of 3231 and g.
9
Let w be (42/(-105))/((-2)/4080). What is the highest common factor of 192 and w?
48
Suppose -180*u = -207*u + 38532 + 44844. Calculate the greatest common divisor of u and 48.
16
Suppose -3*p + 7*p - 184 = 0. Let g = 139 - 136. Suppose -g*l + b = -b - p, -2*l + b = -29. Calculate the highest common divisor of 12 and l.
12
Let g be (35/2)/((-1)/(-2)). Let m = -4493 + 4486. Let c be (m/g)/((-1)/95). What is the highest common factor of c and 171?
19
Suppose 0 = 13*k - 6*k + 49. Let n = -58 + 28. Let j = k - n. What is the highest common divisor of 69 and j?
23
Let f be (85/(-5))/(0 - 1). Suppose 5*n = f*n - 48. Suppose -n*d = -5*a + 4*a + 5, 11 = a - 2*d. What is the highest common factor of 51 and a?
17
Let j be (-747)/18 - (-1)/(-2). Let v = 47 + j. Suppose -10 = -2*a, 4*k - 163 = 6*a - v*a. Calculate the highest common divisor of 14 and k.
14
Let i be -1*(-8)/20 + (-13)/((-195)/2094). Calculate the highest common factor of i and 756.
28
Suppose -30*n + 29*n + 4*b = -20, -2*b = -3*n + 20. Let u(w) = -w**2 - 15*w - 2. Let s be u(-6). What is the greatest common divisor of n and s?
4
Let n be (-1)/(3/261*3/(-114)*2). Calculate the highest common factor of 95 and n.
19
Let v(f) = 4*f**3 - f + 20. Let q(s) = -3*s**3 + 2*s - 19. Let y(a) = -5*q(a) - 4*v(a). Let n be y(-5). What is the highest common factor of n and 68?
34
Let l be (-140)/40*12/(-21). Suppose -3*q = 5*c - 298 - 355, -q + 217 = l*c. What is the highest common divisor of q and 26?
13
Let a = 579 + -215. Suppose 34 = -11*j + a. What is the highest common divisor of 80 and j?
10
Let t = 3359 + -330. Calculate the greatest common factor of 39 and t.
13
Suppose 0 = -7*b + 11 - 30 + 138. What is the highest common factor of b and 578?
17
Let l = 119 - 115. Let w be (18/l)/9*52. Suppose 2*o + 18 + 11 = m, m - o - 34 = 0. What is the greatest common factor of w and m?
13
Let g = -5 - -41. Suppose -30*o - g = -34*o. What is the greatest common factor of 6 and o?
3
Suppose -21791*o = -21794*o + 45. Calculate the greatest common factor of o and 895.
5
Let l be 1638/18 + (20 - 9). What is the greatest common factor of 18258 and l?
102
Suppose t + 39 = 3*z, -192*t = -193*t. Calculate the highest common divisor of 1703 and z.
13
Suppose -5*q - 8829 + 12259 = 0. Calculate the highest common factor of q and 14.
14
Let t(u) = 3*u**2 + 84*u + 638. Let j be t(-8). Calculate the greatest common divisor of 3 and j.
1
Suppose 16429*o = 16446*o - 152779. What is the greatest common factor of 19 and o?
19
Let z be (-49 - -45) + 2*10. Suppose -4*g - 3*r + 201 = 0, -5*g + g + 189 = -r. What is the highest common factor of z and g?
16
Suppose 18*b = 61*b - 28552. Let g = b - 474. Calculate the highest common factor of 57 and g.
19
Suppose -1778*o = -1855*o + 214608 + 20627. Calculate the highest common divisor of 5 and o.
5
Suppose 26338 + 11882 = 140*v. What is the highest common divisor of 663 and v?
39
Let j = -2853 + 2949. Calculate the greatest common divisor of 1504 and j.
32
Let f(u) = -u**3 - 7*u**2 - u - 17. Let y be f(-9). Let v = y - 69. Let s = -58 + v. Calculate the greatest common factor of s and 9.
9
Let d = -9 - 1. Let f be 112/18 + d/45. Suppose 0 = 2*g - 3*q - 51, -1066*q = -5*g - 1063*q + 105. What is the highest common divisor of g and f?
6
Suppose 3*u - u - 148 = 0. Suppose -u*d - 126 = -80*d. Calculate the greatest common divisor of d and 3.
3
Let m(d) = d**3 + 18*d**2 + 34*d + 35. Let y be m(-16). Suppose b - y = 14. What is the greatest common divisor of b and 119?
17
Let b be 12/4*(-4)/(-6). Let f be (-10 - -21)/(2/b). Let j = -306 + 317. What is the highest common factor of f and j?
11
Suppose 34 = 2*w + 2*a + 14, 0 = -3*a + 15. Suppose -3*f = 5*q - 169, 6*f - 335 = f + w*q. Calculate the highest common divisor of 7 and f.
7
Suppose 13*g - 9 = 16*g + 5*b, g + 10 = -4*b. Let s(y) = y**3 + 2*y**2 + 5*y - 11. Let c be s(g). Let q = 13 - 7. What is the highest common factor of q and c?
3
Let r be 5/(-2)*(-11960)/650 + 9. What is the highest com